{"id":11,"date":"2022-02-25T13:56:26","date_gmt":"2022-02-25T13:56:26","guid":{"rendered":"https:\/\/impreza43.us-themes.com\/?page_id=11"},"modified":"2025-05-19T14:30:45","modified_gmt":"2025-05-19T17:30:45","slug":"home","status":"publish","type":"page","link":"https:\/\/trecheirosbrasil.com.br\/lalaferreira\/","title":{"rendered":"Home"},"content":{"rendered":"<section class=\"l-section wpb_row height_auto\"><div class=\"l-section-h i-cf\"><div class=\"g-cols vc_row via_grid cols_1 laptops-cols_inherit tablets-cols_inherit mobiles-cols_1 valign_top type_default stacking_default\"><div class=\"wpb_column vc_column_container\"><div class=\"vc_column-inner\"><\/div><\/div><\/div><\/div><\/section><section class=\"l-section wpb_row us_custom_3cf9bb2d height_auto with_img\"><div class=\"l-section-img\" role=\"img\" data-img-width=\"1920\" data-img-height=\"800\" style=\"background-image: url(https:\/\/trecheirosbrasil.com.br\/lalaferreira\/wp-content\/uploads\/2024\/04\/banner_site_lala.png);background-repeat: no-repeat;\"><\/div><div class=\"l-section-overlay\" style=\"background:linear-gradient(0deg,rgba(16,16,16,0.75),rgba(0,0,0,0))\"><\/div><div class=\"l-section-h i-cf\"><div class=\"g-cols vc_row via_grid cols_1 laptops-cols_inherit tablets-cols_inherit mobiles-cols_1 valign_top type_default stacking_default\"><div class=\"wpb_column vc_column_container\"><div class=\"vc_column-inner\"><div class=\"w-separator size_custom\" style=\"height:60vh\"><\/div><h1 class=\"w-text us_custom_da1a9854 hide_on_default hide_on_laptops hide_on_tablets hide_on_mobiles\"><span class=\"w-text-h\"><span class=\"w-text-value\">How it was to join the Impreza tour<\/span><\/span><\/h1><div class=\"wpb_text_column us_custom_796b6b36 hide_on_default hide_on_laptops hide_on_tablets hide_on_mobiles\"><div class=\"wpb_wrapper\"><p>Every time, no matter what, me and the rest of the guys give it 100%. No matter who\u2019s there, no matter how receptive they are. I really haven\u2019t had a good time doing our videos.<\/p>\n<\/div><\/div><div class=\"w-separator size_small\"><\/div><div class=\"w-btn-wrapper align_none\"><a class=\"w-btn us-btn-style_1\" href=\"https:\/\/trecheirosbrasil.com.br\/lalaferreira\/press_release_lala_ferreira.pdf\"><span class=\"w-btn-label\">download press release<\/span><\/a><\/div><\/div><\/div><\/div><\/div><\/section><section class=\"l-section wpb_row height_medium\"><div class=\"l-section-h i-cf\"><div class=\"g-cols vc_row via_grid cols_1-2 laptops-cols_inherit tablets-cols_1 mobiles-cols_1 valign_top type_default stacking_default\" style=\"--gap:40px;\"><div class=\"wpb_column vc_column_container\"><div class=\"vc_column-inner\"><div class=\"wpb_text_column\"><div class=\"wpb_wrapper\"><h2>Not\u00edcias<\/h2>\n<\/div><\/div><div class=\"w-separator size_small\"><\/div><div class=\"wpb_text_column us_custom_6cf629fd\"><div class=\"wpb_wrapper\"><p>Fique ligado nas \u00faltimas novidades.<\/p>\n<\/div><\/div><div class=\"w-separator hide_on_tablets hide_on_mobiles size_medium\"><\/div><div class=\"w-btn-wrapper align_justify hide_on_tablets hide_on_mobiles\"><a class=\"w-btn us-btn-style_1 us_custom_214cff5d\" href=\"\/lalaferreira\/news\"><span class=\"w-btn-label\">Ver Not\u00edcias<\/span><\/a><\/div><\/div><\/div><div class=\"wpb_column vc_column_container\"><div class=\"vc_column-inner\"><div class=\"w-grid type_grid layout_85 cols_2\" id=\"us_grid_1\" style=\"--gap:20px;\" data-filterable=\"true\"><style>@media (max-width:600px){#us_grid_1 .w-grid-list{margin:0}#us_grid_1 .w-grid-item{width:100%;padding:0;margin-bottom:var(--gap,0px)}}.layout_85 .w-grid-item-h{}.layout_85 .usg_vwrapper_1{border-radius:20px!important;padding:24px 24px 50px 24px!important;border:2px solid var(--color-content-border)!important}.layout_85 .usg_post_image_1{border-radius:15px!important}.layout_85 .usg_post_date_1{margin-bottom:4px!important}<\/style><div class=\"w-grid-list\">\t<article class=\"w-grid-item size_1x1 post-547 post type-post status-publish format-standard has-post-thumbnail hentry category-sem-categoria\" data-id=\"547\">\r\n\t\t<div class=\"w-grid-item-h\">\r\n\t\t\t\t\t\t<div class=\"w-vwrapper usg_vwrapper_1 align_none valign_top\" style=\"--vwrapper-gap:1.20rem\"><div class=\"w-post-elm post_image usg_post_image_1 has_ratio\"><div style=\"padding-bottom:75%\"><\/div><a href=\"https:\/\/trecheirosbrasil.com.br\/lalaferreira\/lala-ferreira-esta-em-estudio-gravando-material-novo\/\" aria-label=\"Lal\u00e1 Ferreira est\u00e1 em est\u00fadio gravando material novo\"><img loading=\"lazy\" decoding=\"async\" width=\"682\" height=\"1024\" src=\"https:\/\/trecheirosbrasil.com.br\/lalaferreira\/wp-content\/uploads\/2024\/05\/WhatsApp-Image-2024-05-07-at-19.32.51-682x1024.jpeg\" class=\"attachment-large size-large wp-post-image\" alt=\"\" srcset=\"https:\/\/trecheirosbrasil.com.br\/lalaferreira\/wp-content\/uploads\/2024\/05\/WhatsApp-Image-2024-05-07-at-19.32.51-682x1024.jpeg 682w, https:\/\/trecheirosbrasil.com.br\/lalaferreira\/wp-content\/uploads\/2024\/05\/WhatsApp-Image-2024-05-07-at-19.32.51-200x300.jpeg 200w, https:\/\/trecheirosbrasil.com.br\/lalaferreira\/wp-content\/uploads\/2024\/05\/WhatsApp-Image-2024-05-07-at-19.32.51.jpeg 853w\" sizes=\"auto, (max-width: 682px) 100vw, 682px\" \/><\/a><\/div><time class=\"w-post-elm post_date usg_post_date_1 entry-date published\" datetime=\"2024-05-08T14:06:17-03:00\">8th maio 2024<\/time><h4 class=\"w-post-elm post_title usg_post_title_1 entry-title color_link_inherit\"><a href=\"https:\/\/trecheirosbrasil.com.br\/lalaferreira\/lala-ferreira-esta-em-estudio-gravando-material-novo\/\">Lal\u00e1 Ferreira est\u00e1 em est\u00fadio gravando material novo<\/a><\/h4><div class=\"w-post-elm post_content usg_post_content_1\">A Trecheiros Brasil, agora respons\u00e1vel pela administra\u00e7\u00e3o do renomado cantor Lal\u00e1 Ferreira, tem o prazer de anunciar que ele j\u00e1&hellip;<\/div><\/div>\t\t<\/div>\r\n\t\t\t<\/article>\r\n\t<article class=\"w-grid-item size_1x1 post-529 post type-post status-publish format-standard has-post-thumbnail hentry category-novidades\" data-id=\"529\">\r\n\t\t<div class=\"w-grid-item-h\">\r\n\t\t\t\t\t\t<div class=\"w-vwrapper usg_vwrapper_1 align_none valign_top\" style=\"--vwrapper-gap:1.20rem\"><div class=\"w-post-elm post_image usg_post_image_1 has_ratio\"><div style=\"padding-bottom:75%\"><\/div><a href=\"https:\/\/trecheirosbrasil.com.br\/lalaferreira\/cantor-potiguar-lala-ferreira-ex-mastruz-com-leite-assina-com-grande-produtora-nacional\/\" aria-label=\"Cantor Potiguar Lal\u00e1 Ferreira, ex-Mastruz com Leite, Assina com Grande Produtora Nacional\"><img loading=\"lazy\" decoding=\"async\" width=\"1024\" height=\"1024\" src=\"https:\/\/trecheirosbrasil.com.br\/lalaferreira\/wp-content\/uploads\/2024\/04\/lala_ferreira_parceria-1024x1024.png\" class=\"attachment-large size-large wp-post-image\" alt=\"\" srcset=\"https:\/\/trecheirosbrasil.com.br\/lalaferreira\/wp-content\/uploads\/2024\/04\/lala_ferreira_parceria-1024x1024.png 1024w, https:\/\/trecheirosbrasil.com.br\/lalaferreira\/wp-content\/uploads\/2024\/04\/lala_ferreira_parceria-300x300.png 300w, https:\/\/trecheirosbrasil.com.br\/lalaferreira\/wp-content\/uploads\/2024\/04\/lala_ferreira_parceria-150x150.png 150w, https:\/\/trecheirosbrasil.com.br\/lalaferreira\/wp-content\/uploads\/2024\/04\/lala_ferreira_parceria.png 1080w\" sizes=\"auto, (max-width: 1024px) 100vw, 1024px\" \/><\/a><\/div><time class=\"w-post-elm post_date usg_post_date_1 entry-date published\" datetime=\"2024-04-18T15:03:30-03:00\">18th abril 2024<\/time><h4 class=\"w-post-elm post_title usg_post_title_1 entry-title color_link_inherit\"><a href=\"https:\/\/trecheirosbrasil.com.br\/lalaferreira\/cantor-potiguar-lala-ferreira-ex-mastruz-com-leite-assina-com-grande-produtora-nacional\/\">Cantor Potiguar Lal\u00e1 Ferreira, ex-Mastruz com Leite, Assina com Grande Produtora Nacional<\/a><\/h4><div class=\"w-post-elm post_content usg_post_content_1\">O cantor Lal\u00e1 Ferreira, ex-vocalista do Mastruz com Leite e For\u00e7a Livre, agora faz parte do corpo de artistas representados&hellip;<\/div><\/div>\t\t<\/div>\r\n\t\t\t<\/article>\r\n<\/div><div class=\"w-grid-preloader\">\t<div class=\"g-preloader type_1\">\r\n\t\t<div><\/div>\r\n\t<\/div>\r\n\t<\/div>\t<div class=\"w-grid-json hidden\" onclick='return {&quot;action&quot;:&quot;us_ajax_grid&quot;,&quot;infinite_scroll&quot;:0,&quot;max_num_pages&quot;:1,&quot;pagination&quot;:&quot;none&quot;,&quot;template_vars&quot;:{&quot;columns&quot;:&quot;2&quot;,&quot;exclude_items&quot;:&quot;none&quot;,&quot;img_size&quot;:&quot;default&quot;,&quot;ignore_items_size&quot;:0,&quot;items_layout&quot;:&quot;85&quot;,&quot;items_offset&quot;:&quot;1&quot;,&quot;load_animation&quot;:&quot;none&quot;,&quot;overriding_link&quot;:&quot;{\\&quot;url\\&quot;:\\&quot;\\&quot;}&quot;,&quot;post_id&quot;:0,&quot;query_args&quot;:{&quot;post_type&quot;:[&quot;post&quot;],&quot;post_status&quot;:[&quot;publish&quot;,&quot;acf-disabled&quot;],&quot;posts_per_page&quot;:&quot;2&quot;},&quot;orderby_query_args&quot;:{&quot;orderby&quot;:{&quot;date&quot;:&quot;DESC&quot;}},&quot;type&quot;:&quot;grid&quot;,&quot;us_grid_post_type&quot;:&quot;post&quot;,&quot;us_grid_ajax_index&quot;:1,&quot;us_grid_filter_params&quot;:[],&quot;us_grid_index&quot;:1,&quot;page_args&quot;:[]}}'><\/div>\r\n\t<\/div><div class=\"w-separator size_small\"><\/div><div class=\"w-btn-wrapper align_justify hide_on_default hide_on_laptops\"><a class=\"w-btn us-btn-style_1\" href=\"\/lalaferreira\/news\"><span class=\"w-btn-label\">Ver Not\u00edcias<\/span><\/a><\/div><\/div><\/div><\/div><\/div><\/section>\n","protected":false},"excerpt":{"rendered":"O cantor Lal\u00e1 Ferreira, ex-vocalista do Mastruz com Leite e For\u00e7a Livre, agora faz parte do corpo de artistas representados pela produtora Trecheiros Brasil, que passar\u00e1 a gerenciar sua carreira. O cantor expressou sua satisfa\u00e7\u00e3o com essa importante parceria e compartilhou a novidade com seus f\u00e3s atrav\u00e9s das redes sociais. Abaixo, segue o comunicado oficial...","protected":false},"author":1,"featured_media":0,"parent":0,"menu_order":0,"comment_status":"closed","ping_status":"closed","template":"","meta":{"_acf_changed":false,"footnotes":""},"class_list":["post-11","page","type-page","status-publish","hentry"],"acf":[],"_links":{"self":[{"href":"https:\/\/trecheirosbrasil.com.br\/lalaferreira\/wp-json\/wp\/v2\/pages\/11","targetHints":{"allow":["GET"]}}],"collection":[{"href":"https:\/\/trecheirosbrasil.com.br\/lalaferreira\/wp-json\/wp\/v2\/pages"}],"about":[{"href":"https:\/\/trecheirosbrasil.com.br\/lalaferreira\/wp-json\/wp\/v2\/types\/page"}],"author":[{"embeddable":true,"href":"https:\/\/trecheirosbrasil.com.br\/lalaferreira\/wp-json\/wp\/v2\/users\/1"}],"replies":[{"embeddable":true,"href":"https:\/\/trecheirosbrasil.com.br\/lalaferreira\/wp-json\/wp\/v2\/comments?post=11"}],"version-history":[{"count":17,"href":"https:\/\/trecheirosbrasil.com.br\/lalaferreira\/wp-json\/wp\/v2\/pages\/11\/revisions"}],"predecessor-version":[{"id":562,"href":"https:\/\/trecheirosbrasil.com.br\/lalaferreira\/wp-json\/wp\/v2\/pages\/11\/revisions\/562"}],"wp:attachment":[{"href":"https:\/\/trecheirosbrasil.com.br\/lalaferreira\/wp-json\/wp\/v2\/media?parent=11"}],"curies":[{"name":"wp","href":"https:\/\/api.w.org\/{rel}","templated":true}]}}

<section class="l-section wpb_row height_auto"><div class="l-section-h i-cf"><div class="g-cols vc_row via_grid cols_1 laptops-cols_inherit tablets-cols_inherit mobiles-cols_1 valign_top type_default stacking_default"><div class="wpb_column vc_column_container"><div class="vc_column-inner"></div></div></div></div></section><section class="l-section wpb_row us_custom_3cf9bb2d height_auto with_img"><div class="l-section-img" role="img" data-img-width="1920" data-img-height="800" style="background-image: url(https://trecheirosbrasil.com.br/lalaferreira/wp-content/uploads/2024/04/banner_site_lala.png);background-repeat: no-repeat;"></div><div class="l-section-overlay" style="background:linear-gradient(0deg,rgba(16,16,16,0.75),rgba(0,0,0,0))"></div><div class="l-section-h i-cf"><div class="g-cols vc_row via_grid cols_1 laptops-cols_inherit tablets-cols_inherit mobiles-cols_1 valign_top type_default stacking_default"><div class="wpb_column vc_column_container"><div class="vc_column-inner"><div class="w-separator size_custom" style="height:60vh"></div><h1 class="w-text us_custom_da1a9854 hide_on_default hide_on_laptops hide_on_tablets hide_on_mobiles"><span class="w-text-h"><span class="w-text-value">How it was to join the Impreza tour</span></span></h1><div class="wpb_text_column us_custom_796b6b36 hide_on_default hide_on_laptops hide_on_tablets hide_on_mobiles"><div class="wpb_wrapper"><p>Every time, no matter what, me and the rest of the guys give it 100%. No matter who’s there, no matter how receptive they are. I really haven’t had a good time doing our videos.</p>
</div></div><div class="w-separator size_small"></div><div class="w-btn-wrapper align_none"><a class="w-btn us-btn-style_1" href="https://trecheirosbrasil.com.br/lalaferreira/press_release_lala_ferreira.pdf"><span class="w-btn-label">download press release</span></a></div></div></div></div></div></section><section class="l-section wpb_row height_medium"><div class="l-section-h i-cf"><div class="g-cols vc_row via_grid cols_1-2 laptops-cols_inherit tablets-cols_1 mobiles-cols_1 valign_top type_default stacking_default" style="--gap:40px;"><div class="wpb_column vc_column_container"><div class="vc_column-inner"><div class="wpb_text_column"><div class="wpb_wrapper"><h2>Notícias</h2>
</div></div><div class="w-separator size_small"></div><div class="wpb_text_column us_custom_6cf629fd"><div class="wpb_wrapper"><p>Fique ligado nas últimas novidades.</p>
</div></div><div class="w-separator hide_on_tablets hide_on_mobiles size_medium"></div><div class="w-btn-wrapper align_justify hide_on_tablets hide_on_mobiles"><a class="w-btn us-btn-style_1 us_custom_214cff5d" href="/lalaferreira/news"><span class="w-btn-label">Ver Notícias</span></a></div></div></div><div class="wpb_column vc_column_container"><div class="vc_column-inner"><div class="w-grid type_grid layout_85 cols_2" id="us_grid_1" style="--gap:20px;" data-filterable="true"><style>@media (max-width:600px){#us_grid_1 .w-grid-list{margin:0}#us_grid_1 .w-grid-item{width:100%;padding:0;margin-bottom:var(--gap,0px)}}.layout_85 .w-grid-item-h{}.layout_85 .usg_vwrapper_1{border-radius:20px!important;padding:24px 24px 50px 24px!important;border:2px solid var(--color-content-border)!important}.layout_85 .usg_post_image_1{border-radius:15px!important}.layout_85 .usg_post_date_1{margin-bottom:4px!important}</style><div class="w-grid-list">	<article class="w-grid-item size_1x1 post-547 post type-post status-publish format-standard has-post-thumbnail hentry category-sem-categoria" data-id="547">
		<div class="w-grid-item-h">
						<div class="w-vwrapper usg_vwrapper_1 align_none valign_top" style="--vwrapper-gap:1.20rem"><div class="w-post-elm post_image usg_post_image_1 has_ratio"><div style="padding-bottom:75%"></div><a href="https://trecheirosbrasil.com.br/lalaferreira/lala-ferreira-esta-em-estudio-gravando-material-novo/" aria-label="Lalá Ferreira está em estúdio gravando material novo"><img loading="lazy" decoding="async" width="682" height="1024" src="https://trecheirosbrasil.com.br/lalaferreira/wp-content/uploads/2024/05/WhatsApp-Image-2024-05-07-at-19.32.51-682x1024.jpeg" class="attachment-large size-large wp-post-image" alt="" srcset="https://trecheirosbrasil.com.br/lalaferreira/wp-content/uploads/2024/05/WhatsApp-Image-2024-05-07-at-19.32.51-682x1024.jpeg 682w, https://trecheirosbrasil.com.br/lalaferreira/wp-content/uploads/2024/05/WhatsApp-Image-2024-05-07-at-19.32.51-200x300.jpeg 200w, https://trecheirosbrasil.com.br/lalaferreira/wp-content/uploads/2024/05/WhatsApp-Image-2024-05-07-at-19.32.51.jpeg 853w" sizes="auto, (max-width: 682px) 100vw, 682px" /></a></div><time class="w-post-elm post_date usg_post_date_1 entry-date published" datetime="2024-05-08T14:06:17-03:00">8th maio 2024</time><h4 class="w-post-elm post_title usg_post_title_1 entry-title color_link_inherit"><a href="https://trecheirosbrasil.com.br/lalaferreira/lala-ferreira-esta-em-estudio-gravando-material-novo/">Lalá Ferreira está em estúdio gravando material novo</a></h4><div class="w-post-elm post_content usg_post_content_1">A Trecheiros Brasil, agora responsável pela administração do renomado cantor Lalá Ferreira, tem o prazer de anunciar que ele já&hellip;</div></div>		</div>
			</article>
	<article class="w-grid-item size_1x1 post-529 post type-post status-publish format-standard has-post-thumbnail hentry category-novidades" data-id="529">
		<div class="w-grid-item-h">
						<div class="w-vwrapper usg_vwrapper_1 align_none valign_top" style="--vwrapper-gap:1.20rem"><div class="w-post-elm post_image usg_post_image_1 has_ratio"><div style="padding-bottom:75%"></div><a href="https://trecheirosbrasil.com.br/lalaferreira/cantor-potiguar-lala-ferreira-ex-mastruz-com-leite-assina-com-grande-produtora-nacional/" aria-label="Cantor Potiguar Lalá Ferreira, ex-Mastruz com Leite, Assina com Grande Produtora Nacional"><img loading="lazy" decoding="async" width="1024" height="1024" src="https://trecheirosbrasil.com.br/lalaferreira/wp-content/uploads/2024/04/lala_ferreira_parceria-1024x1024.png" class="attachment-large size-large wp-post-image" alt="" srcset="https://trecheirosbrasil.com.br/lalaferreira/wp-content/uploads/2024/04/lala_ferreira_parceria-1024x1024.png 1024w, https://trecheirosbrasil.com.br/lalaferreira/wp-content/uploads/2024/04/lala_ferreira_parceria-300x300.png 300w, https://trecheirosbrasil.com.br/lalaferreira/wp-content/uploads/2024/04/lala_ferreira_parceria-150x150.png 150w, https://trecheirosbrasil.com.br/lalaferreira/wp-content/uploads/2024/04/lala_ferreira_parceria.png 1080w" sizes="auto, (max-width: 1024px) 100vw, 1024px" /></a></div><time class="w-post-elm post_date usg_post_date_1 entry-date published" datetime="2024-04-18T15:03:30-03:00">18th abril 2024</time><h4 class="w-post-elm post_title usg_post_title_1 entry-title color_link_inherit"><a href="https://trecheirosbrasil.com.br/lalaferreira/cantor-potiguar-lala-ferreira-ex-mastruz-com-leite-assina-com-grande-produtora-nacional/">Cantor Potiguar Lalá Ferreira, ex-Mastruz com Leite, Assina com Grande Produtora Nacional</a></h4><div class="w-post-elm post_content usg_post_content_1">O cantor Lalá Ferreira, ex-vocalista do Mastruz com Leite e Força Livre, agora faz parte do corpo de artistas representados&hellip;</div></div>		</div>
			</article>
</div><div class="w-grid-preloader">	<div class="g-preloader type_1">
		<div></div>
	</div>
	</div>	<div class="w-grid-json hidden" onclick='return {&quot;action&quot;:&quot;us_ajax_grid&quot;,&quot;infinite_scroll&quot;:0,&quot;max_num_pages&quot;:1,&quot;pagination&quot;:&quot;none&quot;,&quot;template_vars&quot;:{&quot;columns&quot;:&quot;2&quot;,&quot;exclude_items&quot;:&quot;none&quot;,&quot;img_size&quot;:&quot;default&quot;,&quot;ignore_items_size&quot;:0,&quot;items_layout&quot;:&quot;85&quot;,&quot;items_offset&quot;:&quot;1&quot;,&quot;load_animation&quot;:&quot;none&quot;,&quot;overriding_link&quot;:&quot;{\&quot;url\&quot;:\&quot;\&quot;}&quot;,&quot;post_id&quot;:0,&quot;query_args&quot;:{&quot;post_type&quot;:[&quot;post&quot;],&quot;post_status&quot;:[&quot;publish&quot;,&quot;acf-disabled&quot;],&quot;posts_per_page&quot;:&quot;2&quot;},&quot;orderby_query_args&quot;:{&quot;orderby&quot;:{&quot;date&quot;:&quot;DESC&quot;}},&quot;type&quot;:&quot;grid&quot;,&quot;us_grid_post_type&quot;:&quot;post&quot;,&quot;us_grid_ajax_index&quot;:1,&quot;us_grid_filter_params&quot;:[],&quot;us_grid_index&quot;:1,&quot;page_args&quot;:[]}}'></div>
	</div><div class="w-separator size_small"></div><div class="w-btn-wrapper align_justify hide_on_default hide_on_laptops"><a class="w-btn us-btn-style_1" href="/lalaferreira/news"><span class="w-btn-label">Ver Notícias</span></a></div></div></div></div></div></section>

O cantor Lalá Ferreira, ex-vocalista do Mastruz com Leite e Força Livre, agora faz parte do corpo de artistas representados pela produtora Trecheiros Brasil, que passará a gerenciar sua carreira. O cantor expressou sua satisfação com essa importante parceria e compartilhou a novidade com seus fãs através das redes sociais. Abaixo, segue o comunicado oficial...
